[INFO] fetching crate rex-machina 0.1.0...
[INFO] checking rex-machina-0.1.0 against master#9610dfe5a9a731ced1ea4923ecbd0c57fe367898 for beta-170-4
[INFO] extracting crate rex-machina 0.1.0 into /workspace/builds/worker-5-tc1/source
[INFO] validating manifest of crates.io crate rex-machina 0.1.0 on toolchain 9610dfe5a9a731ced1ea4923ecbd0c57fe367898
[INFO] running `Command { std: CARGO_HOME="/workspace/cargo-home" RUSTUP_HOME="/workspace/rustup-home" "/workspace/cargo-home/bin/cargo" "+9610dfe5a9a731ced1ea4923ecbd0c57fe367898" "metadata" "--manifest-path" "Cargo.toml" "--no-deps", kill_on_drop: false }`
[INFO] started tweaking crates.io crate rex-machina 0.1.0
[INFO] finished tweaking crates.io crate rex-machina 0.1.0
[INFO] tweaked toml for crates.io crate rex-machina 0.1.0 written to /workspace/builds/worker-5-tc1/source/Cargo.toml
[INFO] crate crates.io crate rex-machina 0.1.0 already has a lockfile, it will not be regenerated
[INFO] running `Command { std: CARGO_HOME="/workspace/cargo-home" RUSTUP_HOME="/workspace/rustup-home" "/workspace/cargo-home/bin/cargo" "+9610dfe5a9a731ced1ea4923ecbd0c57fe367898" "fetch" "--manifest-path" "Cargo.toml", kill_on_drop: false }`
[INFO] [stderr]     Updating crates.io index
[INFO] [stderr]  Downloading crates ...
[INFO] [stderr]   Downloaded tracing-test-macro v0.2.4
[INFO] [stderr]   Downloaded bigerror v0.1.0
[INFO] [stderr]   Downloaded tokio-stream v0.1.14
[INFO] [stderr]   Downloaded error-stack v0.3.1
[INFO] [stderr]   Downloaded thread_local v1.1.7
[INFO] [stderr]   Downloaded tracing-test v0.2.4
[INFO] [stderr]   Downloaded tracing-subscriber v0.3.17
[INFO] [stderr]   Downloaded tokio v1.28.1
[INFO] running `Command { std: "docker" "create" "-v" "/var/lib/crater-agent-workspace/builds/worker-5-tc1/target:/opt/rustwide/target:rw,Z" "-v" "/var/lib/crater-agent-workspace/builds/worker-5-tc1/source:/opt/rustwide/workdir:ro,Z" "-v" "/var/lib/crater-agent-workspace/cargo-home:/opt/rustwide/cargo-home:ro,Z" "-v" "/var/lib/crater-agent-workspace/rustup-home:/opt/rustwide/rustup-home:ro,Z" "-e" "SOURCE_DIR=/opt/rustwide/workdir" "-e" "CARGO_TARGET_DIR=/opt/rustwide/target" "-e" "CARGO_HOME=/opt/rustwide/cargo-home" "-e" "RUSTUP_HOME=/opt/rustwide/rustup-home" "-w" "/opt/rustwide/workdir" "-m" "1610612736" "--user" "0:0" "--network" "none" "ghcr.io/rust-lang/crates-build-env/linux@sha256:19e73879b68f455e41552ea35293514db52ea292d993f571636dbffedb77a1ee" "/opt/rustwide/cargo-home/bin/cargo" "+9610dfe5a9a731ced1ea4923ecbd0c57fe367898" "metadata" "--no-deps" "--format-version=1", kill_on_drop: false }`
[INFO] [stdout] 2f606b17e6b7747055e758d8b33d3190318d7033240117725bd8e086e798653c
[INFO] running `Command { std: "docker" "start" "-a" "2f606b17e6b7747055e758d8b33d3190318d7033240117725bd8e086e798653c", kill_on_drop: false }`
[INFO] running `Command { std: "docker" "inspect" "2f606b17e6b7747055e758d8b33d3190318d7033240117725bd8e086e798653c", kill_on_drop: false }`
[INFO] running `Command { std: "docker" "rm" "-f" "2f606b17e6b7747055e758d8b33d3190318d7033240117725bd8e086e798653c", kill_on_drop: false }`
[INFO] [stdout] 2f606b17e6b7747055e758d8b33d3190318d7033240117725bd8e086e798653c
[INFO] running `Command { std: "docker" "create" "-v" "/var/lib/crater-agent-workspace/builds/worker-5-tc1/target:/opt/rustwide/target:rw,Z" "-v" "/var/lib/crater-agent-workspace/builds/worker-5-tc1/source:/opt/rustwide/workdir:ro,Z" "-v" "/var/lib/crater-agent-workspace/cargo-home:/opt/rustwide/cargo-home:ro,Z" "-v" "/var/lib/crater-agent-workspace/rustup-home:/opt/rustwide/rustup-home:ro,Z" "-e" "SOURCE_DIR=/opt/rustwide/workdir" "-e" "CARGO_TARGET_DIR=/opt/rustwide/target" "-e" "CARGO_INCREMENTAL=0" "-e" "RUST_BACKTRACE=full" "-e" "RUSTFLAGS=--cap-lints=forbid" "-e" "RUSTDOCFLAGS=--cap-lints=forbid" "-e" "CARGO_HOME=/opt/rustwide/cargo-home" "-e" "RUSTUP_HOME=/opt/rustwide/rustup-home" "-w" "/opt/rustwide/workdir" "-m" "1610612736" "--user" "0:0" "--network" "none" "ghcr.io/rust-lang/crates-build-env/linux@sha256:19e73879b68f455e41552ea35293514db52ea292d993f571636dbffedb77a1ee" "/opt/rustwide/cargo-home/bin/cargo" "+9610dfe5a9a731ced1ea4923ecbd0c57fe367898" "check" "--frozen" "--all" "--all-targets" "--message-format=json", kill_on_drop: false }`
[INFO] [stdout] 0787d7c92ddea0dbbd0aa9b0d75432bdfc3dd91d0fb812cfe9f4c17d30866488
[INFO] running `Command { std: "docker" "start" "-a" "0787d7c92ddea0dbbd0aa9b0d75432bdfc3dd91d0fb812cfe9f4c17d30866488", kill_on_drop: false }`
[INFO] [stderr]     Checking futures-sink v0.3.28
[INFO] [stderr]     Checking tracing-core v0.1.31
[INFO] [stderr]     Checking regex-syntax v0.6.29
[INFO] [stderr]    Compiling futures-util v0.3.28
[INFO] [stderr]    Compiling quote v1.0.27
[INFO] [stderr]    Compiling tokio v1.28.1
[INFO] [stderr]     Checking overload v0.1.1
[INFO] [stderr]     Checking regex-syntax v0.7.1
[INFO] [stderr]     Checking futures-io v0.3.28
[INFO] [stderr]    Compiling error-stack v0.3.1
[INFO] [stderr]     Checking sharded-slab v0.1.4
[INFO] [stderr]     Checking thread_local v1.1.7
[INFO] [stderr]     Checking parking_lot_core v0.9.7
[INFO] [stderr]     Checking uuid v1.3.2
[INFO] [stderr]     Checking futures-channel v0.3.28
[INFO] [stderr]     Checking nu-ansi-term v0.46.0
[INFO] [stderr]    Compiling syn v2.0.15
[INFO] [stderr]    Compiling syn v1.0.109
[INFO] [stderr]     Checking dashmap v5.4.0
[INFO] [stderr]     Checking tracing-log v0.1.3
[INFO] [stderr]     Checking regex v1.8.1
[INFO] [stderr]     Checking regex-automata v0.1.10
[INFO] [stderr]     Checking tokio-stream v0.1.14
[INFO] [stderr]     Checking matchers v0.1.0
[INFO] [stderr]    Compiling tracing-test-macro v0.2.4
[INFO] [stderr]    Compiling tracing-attributes v0.1.24
[INFO] [stderr]    Compiling futures-macro v0.3.28
[INFO] [stderr]    Compiling thiserror-impl v1.0.40
[INFO] [stderr]    Compiling async-trait v0.1.68
[INFO] [stderr]     Checking thiserror v1.0.40
[INFO] [stderr]     Checking tracing v0.1.37
[INFO] [stderr]     Checking tracing-subscriber v0.3.17
[INFO] [stderr]     Checking bigerror v0.1.0
[INFO] [stderr]     Checking tracing-test v0.2.4
[INFO] [stderr]     Checking futures-executor v0.3.28
[INFO] [stderr]     Checking futures v0.3.28
[INFO] [stderr]     Checking rex-machina v0.1.0 (/opt/rustwide/workdir)
[INFO] [stdout] error[E0433]: failed to resolve: could not find `test` in `tokio`
[INFO] [stdout]    --> src/manager.rs:757:14
[INFO] [stdout]     |
[INFO] [stdout] 757 |     #[tokio::test]
[INFO] [stdout]     |              ^^^^ could not find `test` in `tokio`
[INFO] [stdout] 
[INFO] [stdout] 
[INFO] [stdout] error[E0433]: failed to resolve: could not find `test` in `tokio`
[INFO] [stdout]    --> src/manager.rs:811:14
[INFO] [stdout]     |
[INFO] [stdout] 811 |     #[tokio::test]
[INFO] [stdout]     |              ^^^^ could not find `test` in `tokio`
[INFO] [stdout] 
[INFO] [stdout] 
[INFO] [stdout] error[E0433]: failed to resolve: could not find `test` in `tokio`
[INFO] [stdout]    --> src/notification.rs:137:14
[INFO] [stdout]     |
[INFO] [stdout] 137 |     #[tokio::test]
[INFO] [stdout]     |              ^^^^ could not find `test` in `tokio`
[INFO] [stdout] 
[INFO] [stdout] 
[INFO] [stdout] error[E0433]: failed to resolve: could not find `test` in `tokio`
[INFO] [stdout]    --> src/queue.rs:173:14
[INFO] [stdout]     |
[INFO] [stdout] 173 |     #[tokio::test]
[INFO] [stdout]     |              ^^^^ could not find `test` in `tokio`
[INFO] [stdout] 
[INFO] [stdout] 
[INFO] [stdout] error[E0433]: failed to resolve: could not find `test` in `tokio`
[INFO] [stdout]    --> src/timeout.rs:273:14
[INFO] [stdout]     |
[INFO] [stdout] 273 |     #[tokio::test]
[INFO] [stdout]     |              ^^^^ could not find `test` in `tokio`
[INFO] [stdout] 
[INFO] [stdout] 
[INFO] [stdout] error[E0433]: failed to resolve: could not find `test` in `tokio`
[INFO] [stdout]    --> src/timeout.rs:300:14
[INFO] [stdout]     |
[INFO] [stdout] 300 |     #[tokio::test]
[INFO] [stdout]     |              ^^^^ could not find `test` in `tokio`
[INFO] [stdout] 
[INFO] [stdout] 
[INFO] [stdout] error[E0433]: failed to resolve: could not find `test` in `tokio`
[INFO] [stdout]    --> src/timeout.rs:326:14
[INFO] [stdout]     |
[INFO] [stdout] 326 |     #[tokio::test]
[INFO] [stdout]     |              ^^^^ could not find `test` in `tokio`
[INFO] [stdout] 
[INFO] [stdout] 
[INFO] [stdout] error[E0599]: no function or associated item named `new_v4` found for struct `Uuid` in the current scope
[INFO] [stdout]    --> src/lib.rs:102:25
[INFO] [stdout]     |
[INFO] [stdout] 102 |             uuid: Uuid::new_v4(),
[INFO] [stdout]     |                         ^^^^^^ function or associated item not found in `Uuid`
[INFO] [stdout] 
[INFO] [stdout] 
[INFO] [stdout] error: aborting due to 8 previous errors
[INFO] [stdout] 
[INFO] [stdout] 
[INFO] [stdout] Some errors have detailed explanations: E0433, E0599.
[INFO] [stdout] 
[INFO] [stdout] For more information about an error, try `rustc --explain E0433`.
[INFO] [stdout] 
[INFO] [stderr] error: could not compile `rex-machina` (lib test) due to 9 previous errors
[INFO] running `Command { std: "docker" "inspect" "0787d7c92ddea0dbbd0aa9b0d75432bdfc3dd91d0fb812cfe9f4c17d30866488", kill_on_drop: false }`
[INFO] running `Command { std: "docker" "rm" "-f" "0787d7c92ddea0dbbd0aa9b0d75432bdfc3dd91d0fb812cfe9f4c17d30866488", kill_on_drop: false }`
[INFO] [stdout] 0787d7c92ddea0dbbd0aa9b0d75432bdfc3dd91d0fb812cfe9f4c17d30866488
